ppose 0 = 572*w - 584*w + 27900. What are the prime factors of w?
3, 5, 31
Let q(t) = 6*t - 4. Suppose -5*f - 26 = 34. Let c be (f/30)/((-1)/20). What are the prime factors of q(c)?
2, 11
Suppose 0 = -18*n + 1706 + 4792. What are the prime factors of n?
19
Suppose -j + 4*v + 0 = 1, 5*j + 3*v - 18 = 0. Suppose -4*a + 11 = -j*a. What are the prime factors of a?
11
Let k(m) = 397*m - 474. What are the prime factors of k(8)?
2, 7, 193
Let n be ((-4)/(-6))/(20/330). Suppose 4*q - n = 13. Suppose -q*x + 108 = -2*x. What are the prime factors of x?
3
Let t(o) = 149*o**2 + 1. Let j be t(1). Suppose 2*s = 5*s - j. Suppose 2*r + 2*b - s = -0*b, 5*b + 10 = 0. List the prime factors of r.
3
Let x(f) = -13*f + 18. Let y(h) = -13*h + 17. Let m(v) = 3*x(v) - 4*y(v). What are the prime factors of m(7)?
7, 11
Suppose 2*b - 951 = 5*v + 196, 2 = 2*v. List the prime factors of b.
2, 3
Let a(r) = -r**3 - 10*r**2 - 14*r - 7. Let c = -19 - -14. Let m(k) = -2*k**3 - 20*k**2 - 28*k - 14. Let w(i) = c*a(i) + 3*m(i). List the prime factors of w(-9).
2, 19
Let v = 892 - -150. List the prime factors of v.
2, 521
Let k(h) = 54*h**2 - h + 1. Suppose -8*s + 5 = 13. What are the prime factors of k(s)?
2, 7
Suppose -4*t + 3*j + 1399 = 0, 2*j + 351 = 4*t - 3*t. List the prime factors of t.
349
What are the prime factors of (-95)/(7 + 8/(-1))?
5, 19
Suppose 0*a - 2*a + 1333 = y, a - 3*y - 670 = 0. What are the prime factors of a?
23, 29
Let m be 3/(-3) - 0 - -3. Let d(z) = 16*z - 3*z**m - 3 + z**3 + 2*z**2 + 19*z**2. List the prime factors of d(-17).
2, 7
Suppose -13029 = 700*o - 703*o. List the prime factors of o.
43, 101
Let p = -166 + 666. List the prime factors of p.
2, 5
Let r = -9 + 16. Suppose -6*z + r*z = 225. Let w = z - 157. What are the prime factors of w?
2, 17
Suppose 2072 = -6*g + 10*g. List the prime factors of g.
2, 7, 37
Suppose -4*y + 44 = 5*d, -3*y + 10 + 4 = -d. Let r be (39/y - 4)*-2. Let m(j) = j**2 - 4*j + 4. List the prime factors of m(r).
7
Suppose -5*h + 8 = 28. Let w(u) = u**3 - 2*u**2 - 7*u - 5. Let v(t) = -t**3 + 3*t**2 + 7*t + 5. Let x(g) = h*w(g) - 3*v(g). What are the prime factors of x(-4)?
5
Let b(p) = 11*p**2 - 5*p + 62. List the prime factors of b(-9).
2, 499
Suppose a - 64 - 1607 = -4*z, 4*z - 3*a - 1659 = 0. What are the prime factors of z?
3, 139
List the prime factors of ((-8)/((-40)/(-3)))/(8/(-10280)).
3, 257
Let t(s) = 26*s**3 - s**2 - s - 1. Let r be t(-1). Let j = r - -99. What are the prime factors of j?
2, 3
Let j = -301 + 1982. What are the prime factors of j?
41
Suppose 0 = -54*t - 20*t + 108780. List the prime factors of t.
2, 3, 5, 7
Let a(b) = 2*b**3 - 19*b**2 + 10*b + 5. Let d be a(9). Let u(s) = 6*s - 32. What are the prime factors of u(d)?
2, 13
Suppose -b = -90*k + 94*k - 9008, 0 = -b. What are the prime factors of k?
2, 563
Let d(u) = 2*u**2 + 41*u + 47. Let b(c) = c - 20. Let p be b(0). List the prime factors of d(p).
3
Let f(y) = -2*y**3 + 5*y. Let a be ((-2)/4)/(2/12). List the prime factors of f(a).
3, 13
Suppose -5*j - 315 = -u - 0*j, -j = 2*u - 652. List the prime factors of 6/5*u/10.
3, 13
Let x = 479 + 2633. List the prime factors of x.
2, 389
Suppose 1 + 4 = 5*l - 5*c, 5*l + c = -1. What are the prime factors of (l/(-4) - -52) + 0?
2, 13
Let a = 75 + -42. Let u = a - 26. List the prime factors of u.
7
Let j(l) = l**2 - 50*l + 1225. List the prime factors of j(0).
5, 7
Let a = 394 - -224. What are the prime factors of a?
2, 3, 103
Let r = -150 + 205. What are the prime factors of r?
5, 11
Suppose -5*t + 21*t = 352. Suppose -3*o + 5*k = -11, -k + 6*k + 35 = 5*o. Let m = t - o. List the prime factors of m.
2, 5
Let m(a) = 4*a**3 + 10*a - 5 - 2*a**3 - 3*a**3 + 7*a**2. Let c = 5 + 3. What are the prime factors of m(c)?
11
Let x = -4 + 4. Suppose x = h - 2*h + i - 32, -4*i - 4 = 0. Let j = h - -46. What are the prime factors of j?
13
Suppose 10*m - 4*m = 0. Let p be (m + 4/8)*2. Let z(g) = 40*g**2 + 2*g - 1. List the prime factors of z(p).
41
Suppose 13*q - 1524 = 1544. What are the prime factors of q?
2, 59
Let z(m) = -1334*m - 507. List the prime factors of z(-3).
3, 5, 233
Let g = -960 + 1771. What are the prime factors of g?
811
Let k(o) = 107*o**2 - 2*o + 2. Suppose 3*f = 5*y + 23, -3*f - f = y. List the prime factors of k(f).
107
List the prime factors of 11 + (-7 + 6 - 4) - -1908.
2, 3, 11, 29
List the prime factors of ((-28)/56)/(2/(-5064)).
2, 3, 211
Suppose -84*z - 123714 = -111*z. What are the prime factors of z?
2, 29, 79
Let p be (-4)/6 + 33/9. Let g(q) = -q**2 + q + 104. Let d be g(0). Suppose p*i - d = i. List the prime factors of i.
2, 13
Suppose 2*m = 2, 2*p - 4 = -3*m + 9. Suppose p*k + k = 732. What are the prime factors of k?
2, 61
Let f be 25 + 3 + 0/(-1). Suppose -3*r + f = 4*m + r, 4*r - 26 = -3*m. Suppose -4*s + 50 = m*q, -2*s = s - 9. List the prime factors of q.
19
Suppose -2*j = -4*z - 1774, z - 4*z = 12. What are the prime factors of j?
3, 293
Let v(k) = -k**2 + 14*k + 13. Let r be v(12). Let t = r - 9. List the prime factors of t.
2, 7
Let r(a) = a**3 - 2*a**2 - 8*a + 4. Let k(n) = 0*n**3 + 5 - 3*n + 10*n**2 - n**3 - 6*n**2. Let p be k(3). List the prime factors of r(p).
3, 13
Suppose -40*r + 20720 = -20*r. List the prime factors of r.
2, 7, 37
Let u(d) = 4*d - 31. Let w be u(9). Let s(b) = -b**3 + b + 3. Let o(r) = -2*r**3 - r**2 + 3*r + 5. Let h(x) = 4*o(x) - 9*s(x). List the prime factors of h(w).
3, 11
Let s(k) = -3*k**3 - 13*k**2 - 35*k - 13. List the prime factors of s(-6).
13, 29
Suppose -3*g + 3*w = -4*g, g = -4*w + 3. Let q(n) = n**3 + 10*n**2 + 7*n - 6. Let o be q(g). List the prime factors of ((-30)/1)/(o/(-16)).
2, 5
Let v = -52 + 100. Suppose -v = -12*s + 8*s. List the prime factors of 234/s*2/1.
3, 13
Let c(a) = -a**3 - 2*a**2 + 487. List the prime factors of c(0).
487
Let x(f) = -f**2 - 19*f + 15. What are the prime factors of x(-15)?
3, 5
Suppose -d + 3*d = -5*l + 389, 0 = -5*l + 5*d + 375. Suppose -2*p + 62 + 18 = 2*o, l = 2*p + 3*o. What are the prime factors of p?
43
Let b(c) be the third derivative of c**6/360 + c**5/40 - 13*c**4/24 + c**3/6 - c**2. Let h(l) be the first derivative of b(l). List the prime factors of h(-6).
5
Let u = 35 + -35. What are the prime factors of u + -1 + (1 - -6)?
2, 3
Let j = -8 + 11. Let s be (6 - 1)*j/1. Suppose -n + 18 = 3*n + 2*u, -2*n = -u - s. List the prime factors of n.
2, 3
Let p(s) = s**2 - 10*s - 3. What are the prime factors of p(16)?
3, 31
Suppose -9*u + 6960 = 7*u. What are the prime factors of u?
3, 5, 29
Suppose -5*y + 2*y = -9. Let b = -31 + 121. Suppose b = -c + y*c. What are the prime factors of c?
3, 5
Let o(i) = 139*i**2 - 3*i + 18. List the prime factors of o(4).
2, 5, 223
Let g(o) = -o + 53. What are the prime factors of g(-16)?
3, 23
Let t(x) = -x**3 + 31*x**2 - 60*x - 35. List the prime factors of t(28).
7, 13
Suppose -5*i + r + 344 = -542, -5*i = 2*r - 883. Let l = i - 98. List the prime factors of l.
79
Suppose -16 = -2*c - 0*c. Let v(n) = -n**3 + 8*n**2 + n + 8. Let u be v(c). Suppose 0 = 4*m + u, -m + 16 = 2*d + 3*d. What are the prime factors of d?
2
Suppose -3*p - 22 = -5*f + 7, 0 = 3*p + 9. Let o be (-2)/4 - 87/(-6). Let i = o + f. List the prime factors of i.
2, 3
Suppose -260 = t - 985. List the prime factors of t.
5, 29
Suppose -3*c = -4*b - 3625, 8*b - 6*b - 3601 = -3*c. List the prime factors of c.
3, 401
Suppose -3473 = -34*l + 9855. What are the prime factors of l?
2, 7
Let p be (-6)/((0 + -1)*-1). Let u(r) = -2*r**3 - 7*r**2 + 11*r + 10. What are the prime factors of u(p)?
2, 31
Suppose -5*j + 1304 + 3089 = -3*t, 0 = 5*j - t - 4391. List the prime factors of j.
2, 439
Let v(j) = -j**3 - 18*j**2 - 6*j - 8. What are the prime factors of v(-20)?
2, 3, 19
Let p(h) = -h**2 - 7*h - 1. Let c be p(-6). Let b = 0 + c. Suppose -b*z = -4*n + 62 + 23, 31 = n + 2*z. List the prime factors of n.
5
List the prime factors of ((-36)/5)/(147/50 - 3).
2, 3, 5
Suppose -5*g + 7*d = 4*d - 299, 0 = -5*g - 2*d + 284. Suppose f - g = 65. List the prime factors of f.
3, 41
Let w(q) = -q**3 + 7*q**2 - 2*q + 7. Let h be w(6). Suppose -2*k - 3*y = -h, -8 = 2*y - 2. What are the prime factors of (-1)/(k/8 + -3)?
2
Let v(k) = -k**3 + k - 2. Let u be v(0). Let p(t) = -21*t**3 + 2*t**2 - 2*t - 2. List the prime factors of p(u).
2, 8